 - 27))?
7
What is the value of -12 - (-1 - 14) - 12?
-9
Calculate ((2 - -4) + -1 - 18) + 6.
-7
(6 - (7 - 1)) + (0 - 3)
-3
Calculate -3 - (-20 + 5 + 6).
6
What is (-5 - -6) + -3 - 0?
-2
What is the value of -2 - -4 - -2 - 5?
-1
4 + 8 + -14 + 12
10
What is (1 - 3) + 4 - (2 - 2)?
2
What is the value of -1 - (-1 + 0) - (33 + -39)?
6
What is the value of -1 - 9 - (-10 + 17 - 11)?
-6
Calculate 5 + (-6 + -5 - -4).
-2
What is the value of (4 - (5 - 5)) + 1 + 0?
5
0 - -4 - (18 - 8)
-6
Calculate 0 + -5 + -64 + 72.
3
Evaluate (2 - (2 - -2)) + -3.
-5
Calculate -3 + (-2 - -11) - 1.
5
Calculate 3 + (-4 - (7 + -6 - -5)).
-7
-9 + (6 - (6 + -9))
0
What is (-12 - -12 - (-2 - -6)) + -5?
-9
-5 - (5 - (2 + 7))
-1
What is -2 + (7 - (0 + 1))?
4
(-5 - -1) + 5 + 4
5
Evaluate -3 - (5 + -6) - (8 - 3).
-7
What is 5 - ((-4 - -11) + -5)?
3
25 + -20 + (-1 - 4)
0
What is the value of 1 - (4 + 7 + -2 + -4)?
-4
Calculate (3 - 5 - -8) + -7.
-1
What is -11 - (-9 + 3 - 2)?
-3
What is 15 + (-15 + 11 - 9)?
2
What is 2 + (-10 - -5) - -5?
2
Calculate 5 - (-3 + 1 + 4 + 5).
-2
Calculate -1 + 5 + -12 + -3 + 5.
-6
2 + (8 + 0 - (-2 + 7))
5
3 + (-2 - -4) + -7
-2
What is the value of (-5 - -3) + -14 - -8?
-8
What is the value of -19 - -18 - (0 - 4)?
3
Evaluate 8 + (-14 + 7 - -4 - -1).
6
-4 + -1 + 0 + 6 + 4
5
-1 + -3 - -6 - 3
-1
What is 2 + 2 + -1 - (-1 - -1)?
3
(8 - (-6 - -12) - -4) + -9
-3
0 - (6 - (2 + 6))
2
What is the value of 0 - ((3 - 6) + 2)?
1
Calculate -7 + (12 - (-3 + 0 + 0)).
8
What is the value of (-3 - 0) + -12 + 14?
-1
What is the value of (3 - -3 - 16) + 8?
-2
What is (0 - -2) + (0 - 4)?
-2
Calculate 7 + 2 + -7 + 0.
2
Calculate (2 - 7) + (8 - -4).
7
What is the value of -4 + 5 + -8 - -1 - -2?
-4
Evaluate 0 - (-3 + 1) - (-4 + 3).
3
What is the value of 5 + 0 + (-6 - -6) + -2?
3
-3 - (-4 - (3 - (-2 - -5)))
1
What is the value of 10 + (-16 - (-2 - 5))?
1
Calculate 4 + (8 - 6) + -2.
4
Evaluate -4 + 2 + 9 + -7.
0
Evaluate -12 - -18 - (3 + -1).
4
8 - (-8 + (-5 - -6) - -20)
-5
What is the value of 3 + -9 + -5 + 1 + 5?
-5
Calculate -18 + (-4 - (-2 - 12)).
-8
What is -2 + -8 - (1 - (6 + -1))?
-6
-13 + (12 - 0) + -2 + -1
-4
What is the value of 11 + -7 + (4 - 7)?
1
Evaluate 1 - ((1 - 1) + 1).
0
Evaluate (18 - 4) + -11 - -3.
6
Evaluate -1 + 15 - 7 - 3.
4
Evaluate -12 + 13 + -1 + -2.
-2
(42 - 39) + (-1 - -8) + 0
10
4 + (-2 - -1) - 4 - 1
-2
Evaluate -1 + 7 + -5 + -1.
0
Evaluate -5 - (-4 + (5 - 2)).
-4
Calculate 3 + -2 - (-9 + 23 + -10).
-3
(-3 + 1 - 1) + -35 + 33
-5
Calculate 3 - (-7 - (0 + -5 - 2)).
3
What is (-3 - -4) + (4 - 2)?
3
Calculate -4 + (71 - 65) + -7 + 1.
-4
What is (1 - 9) + (-2 - -7) + -4?
-7
Evaluate (-1 + -7 - 1) + 8.
-1
What is the value of 5 + (-1 - -4 - (7 - 1))?
2
What is -2 + (-6 - (-5 + -1)) + 6?
4
What is the value of -11 + 4 + (-2 - -4) - -2?
-3
What is -37 + 31 - (-11 + 1) - 13?
-9
Calculate 2 + (-3 - (6 - 9)).
2
What is -3 + (-5 - -4 - (3 + -3))?
-4
Calculate -1 - (-6 + 6 + (-3 - 0)).
2
Evaluate 0 + 3 - (1 + 1 + -1).
2
What is the value of (-22 - -21) + -1 + (1 - -1)?
0
What is 5 + (2 - (4 + 1))?
2
Calculate 21 - 22 - (-2 + 7).
-6
What is the value of ((-3 - -10) + -3 - 3) + -3?
-2
-8 - -3 - (2 + -2)
-5
Evaluate 7 + (1 + 0 - 3).
5
What is -5 + (5 - (-7 - -4))?
3
Calculate 0 + -6 + -1 + 3 + 2.
-2
What is -42 + 50 - (0 + 2)?
6
What is 2 - (-4 + 7) - (-1 + -2)?
2
Calculate -6 - (2 + -3 + 1) - -3.
-3
What is 7 + -2 - 9 - -1?
-3
Evaluate (25 - 30) + (0 - 0).
-5
Evaluate (1 - 7) + -118 + 126.
2
What is (-7 - -7) + (2 + 3 - -1)?
6
Evaluate -12 - (5 + (-6 - 7)).
-4
Calculate 1 - -1 - (-3 + 2).
3
What is the value of -5 - (2 + 10 - 10)?
-7
4 + -10 + (5 - (5 + -3))
-3
-94 - -107 - (1 - -5)
7
What is the value of 26 + -27 + (3 - (-1 + 1))?
2
-14 - -24 - (12 + -1)
-1
Evaluate 0 + (-10 + 9 - (-4 - -4)).
-1
Evaluate 5 + 0 + -6 + (0 - 4).
-5
What is the value of -1 - (-1 + 4 - -1)?
-5
What is the value of 1 + (6 - (-2 - -15))?
-6
(50 - 55) + 3 + 0 + 3
1
5 + -9 - (3 - 2)
-5
1 + (16 - 7) - (1 - -4)
5
Calculate 10 - (1 - 6 - -9) - -1.
7
Evaluate 2 + 8 + -7 + -8.
-5
What is -3 - (-6 - 2) - 6 - -3?
2
What is the value of (-3 - -13) + -1 + -10?
-1
What is 17 + -7 + (-1 - 2) + -3?
4
Calculate -2 - (1 + -4) - 2.
-1
Calculate (1 - 0) + (-2 - -2).
1
Evaluate 2 + (-2 - 1 - -5).
4
What is 6 - (-20 + 13) - 20?
-7
Calculate (1 - 3) + 3 + 3.
4
Calculate -15 + (1 - (-8 - (-3 + 0))).
-9
Evaluate (3 + 1 - 0) + -9.
-5
Evaluate 0 + 0 + (16 - 16).
0
Evaluate 1 - (-3 + (2 - 0) - 2).
4
What is the value of 2 - (-1 + 4 + (-2 - 4))?
5
-8 - (-4 - (8 + -4))
0
Calculate 2 + (4 - 10) - 0.
-4
0 - (-4 - -6 - 6)
4
What is -3 - 1 - ((6 - 3) + -6)?
-1
Calculate 4 + (3 - 2) + -8 + 4.
1
What is the value of 0 + 7 + -6 + 5 + 2?
8
-14 - -8 - (-1 + -3)
-2
Evaluate -12 + 5 + (3 - -1) + -2.
-5
Evaluate -5 + 6 + 24 + -27.
-2
What is the value of (-15 - (-2 + -10)) + 1 + 2?
0
Calculate (-6 - -10) + 0 + -4.
0
Calculate 0 + (-2 - -1) + -2 + 1.
-2
What is the value of -4 + (6 - 9) - -9?
2
-13 - (-3 + -8 + 3)
-5
Calculate 3 - ((2 - -4) + -2 + 4).
-5
-1 + -4 + 65 + -56
4
What is 6 + -5 + 4 - (-10 + 13)?
2
-7 + (-2 + 5 - (0 + 4))
-8
What is 1 - 2 - (4 - (7 - 5))?
-3
What is -7 + 6 - (3 - 1) - 2?
-5
What is (-6 - 15) + 20 - (-9 - -1)?
7
3 + 6 + -2 + -8 - -2
1
What is the value of -5 - (-8 + 4 + -1)?
0
Evaluate 9 + -2 + (-3 + -2 - 1).
1
What is the value of -1 + -4 + -2 + 4?
-3
Evaluate -2 - 2 - 0 - (-13 - -1).
8
Calculate 2 + 1 + (-3 - 0).
0
Evaluate 0 + (-1 - (0 + 2 + -2)).
-1
What is the value of 6 + 1 - (-1 - (-20 - -16))?
4
What is 6 + 2 + -6 + (0 - -1)?
3
What is the value of (1 - 7) + 1 + 0?
-5
What is -7 + 3 + -3 + -5 - -4?
-8
What is the value of (2 - -1) + (5 - 7)?
1
Evaluate 4 + -8 - (-2 - 5).
3
-6 + 0 + 1 + 5 - -2
2
-17 - -15 - (-3 - -4)
-3
Evaluate -2 + (-2 - 0 - -3).
-1
8 - (-6 + 12 - -6)
-4
(52 - 44) + 1 + -3 + -14
-8
What is the value of (-5 - ((-3 - -7) + -7)) + 7?
5
Evaluate -8 + (-1 - -9) + -2.
-2
Calculate 3 + (-6 - 4 - -5) + 5.
3
Evaluate 10 - (-10 - -8) - 5.
7
What is (-2 - -2) + 1 + -5 + -1?
-5
Calculate -5 + (4 - (-8 + 4)).
3
(-7 - 0) + (-14 - -11) + 1
-9
Evaluate (-11 - -9) + (4 - 8) + 11.
5
What is the value of 6 + (-2 - 1) - 5?
-2
Evaluate -4 - (3 - (1 - 6 - -4)).
-8
Calculate (-3 - 9) + -3 - -8.
-7
Evaluate 12 - (3 - (1 - (5 - 0))).
5
What is the value of 3 - (1 + -4 - (-9 + 3))?
0
Calculate (-4 - -1) + -4 + 7 + 5.
5
What is the value of 0 - 1 - (3 + (1 - 2))?
-3
Evaluate 4 + -4 + 4 + 1 + -6.
-1
What is -2 + 5 - (-12 - -14)?
1
What is 6 + -12 - (1 - 2)?
-5
Evaluate 3 - (0 - 3 - -2).
4
What is the value of 5 + 3 + (-4 - -3 - 12)?
-5
What is 2 + -3 - 7 - -4?
-4
Calculate 0 - (0 - -1 - (2 + -6)).
-5
Calculate 0 + (-12 - (-2 + -2)).
-8
What is 2 + (0 - 3) + 15 + -18?
-4
What is (-13 + 2 - -11) + 3?
3
What is (-2 - 0) + -11 + 6 + 3?
-4
What is the value of -6 + 3 + 3 + -3?
-3
Evaluate -5 + 1 + -2 + 2 - 0.
-4
What is (17 - 9 - 2) + (-3 - 4)?
-1
What is 6 - (14 + -8 - -7) - 2?
-9
Calculate 22 + -19 - (2 + -3).
4
What is the value of 2 + -1 - (7 - 4)?
-2
-6 + (2 - (5 - 4 - 5))
0
(-2 - 6 - -3) + 5 + 2
2
What is the value of (2 - 1) + -14 + 9?
-4
Evaluate -6 + 6 - (2 - 2).
0
Evaluate (-1 + 4 - 3) + -1.
-1
Evaluate -3 + (5 - 4 - 5 - -7).
0
Calculate 1 + (0 - (0 + 2 + -6)).
5
Calculate -40 + 33 - (-3 + 2).
-6
What is -7 - (-15 - -11 - -1)?
-4
What is 0 - (6 - (6 + 2 + -7))?
-5
What is 1 - (6 - 6) - -4?
5
What is 1 + 2 - (136 + -132)?
-1
3 + (2 - -1 - (-2 + 3))
5
What is the value of 4 + -8 + 4 - -3?
3
(-2 - -4) + (77 - 75)
4
Evaluate 8 + -1 - (6 + -4).
5
Calculate -2 + -1 - (7 + -2 + -3).
-5
What is the value of -4 + (-6 - -9 - 3)?
-4
Calculate 0 + 0 + 2 + (-3 - -4).
3
What is the value of -2 + (5 - -1) + 3 + -2?
5
Evaluate (-3 - 0) + 11 + (4 - 9).
3
Calculate 4 + (-6 - -13) + -6.
5
What is the value of 1 + (-5 + 2 - (3 - 3))?
-2
Evaluate -3 + 6 - (8 - 1).
-4
What is the value of -6 + 11 + (-11 + -1 - 0)?
-7
Evaluate 6 - (-8 - (-9 - 1)).
4
Evaluate 9 + -15 + -3 + 2.
-7
What is (-1 - -5 - (13 + -1)) + 3?
-5
What is the value of -5 - (-1 - 5 - -4) - -1?
-2
-1 + -4 + -4 + 12
3
What is 2 - 4 - ((-3 - -6) + -1)?
-4
(1 - -3) + (1 - -1) - 2
4
8 + -2 + 6 + -6
6
What is 10 - ((10 - -7) + -6)?
-1
4 + 1 + -11 + 10
4
What is (23 - (20 - 0)) + (-1 - 11)?
-9
What is the value of -3 - -4 - (5 + 1) - -2?
-3
Calculate 3 - 